ndreds digit of 1881?
8
What is the hundreds digit of 56785?
7
What is the units digit of 11159?
9
What is the tens digit of 413?
1
What is the thousands digit of 35481?
5
What is the tens digit of 3179?
7
What is the hundreds digit of 1183?
1
What is the tens digit of 3114?
1
What is the tens digit of 9246?
4
What is the tens digit of 2048?
4
What is the tens digit of 1039?
3
What is the hundreds digit of 716?
7
What is the units digit of 19769?
9
What is the units digit of 2299?
9
What is the hundred thousands digit of 119874?
1
What is the units digit of 6337?
7
What is the hundreds digit of 34372?
3
What is the hundreds digit of 1928?
9
What is the tens digit of 2078?
7
What is the tens digit of 66812?
1
What is the hundreds digit of 253?
2
What is the thousands digit of 16954?
6
What is the hundreds digit of 8261?
2
What is the thousands digit of 29356?
9
What is the hundreds digit of 14946?
9
What is the tens digit of 1675?
7
What is the units digit of 5571?
1
What is the units digit of 54164?
4
What is the tens digit of 6940?
4
What is the tens digit of 2474?
7
What is the tens digit of 11422?
2
What is the thousands digit of 66686?
6
What is the hundreds digit of 48169?
1
What is the hundred thousands digit of 109149?
1
What is the tens digit of 4487?
8
What is the tens digit of 4806?
0
What is the tens digit of 992?
9
What is the units digit of 960?
0
What is the hundreds digit of 343?
3
What is the tens digit of 664?
6
What is the hundreds digit of 412?
4
What is the thousands digit of 4680?
4
What is the thousands digit of 2959?
2
What is the units digit of 3062?
2
What is the tens digit of 1755?
5
What is the tens digit of 869?
6
What is the tens digit of 5974?
7
What is the units digit of 15077?
7
What is the tens digit of 21643?
4
What is the hundreds digit of 1289?
2
What is the tens digit of 5633?
3
What is the thousands digit of 1263?
1
What is the hundreds digit of 7010?
0
What is the tens digit of 7967?
6
What is the thousands digit of 19723?
9
What is the units digit of 948?
8
What is the units digit of 41635?
5
What is the thousands digit of 25505?
5
What is the units digit of 540?
0
What is the hundreds digit of 2618?
6
What is the tens digit of 10544?
4
What is the thousands digit of 3868?
3
What is the hundreds digit of 261?
2
What is the tens digit of 3990?
9
What is the ten thousands digit of 58964?
5
What is the tens digit of 1250?
5
What is the tens digit of 2530?
3
What is the tens digit of 3594?
9
What is the hundreds digit of 977?
9
What is the units digit of 52165?
5
What is the tens digit of 80378?
7
What is the thousands digit of 2906?
2
What is the units digit of 5868?
8
What is the hundreds digit of 264?
2
What is the hundreds digit of 6238?
2
What is the hundreds digit of 60119?
1
What is the thousands digit of 15845?
5
What is the hundreds digit of 1559?
5
What is the tens digit of 8375?
7
What is the units digit of 94487?
7
What is the hundreds digit of 1855?
8
What is the hundreds digit of 51801?
8
What is the tens digit of 1329?
2
What is the units digit of 4119?
9
What is the tens digit of 2135?
3
What is the thousands digit of 57863?
7
What is the units digit of 2490?
0
What is the hundreds digit of 808?
8
What is the units digit of 28036?
6
What is the thousands digit of 4247?
4
What is the units digit of 4276?
6
What is the hundreds digit of 1266?
2
What is the units digit of 4728?
8
What is the thousands digit of 71104?
1
What is the ten thousands digit of 15879?
1
What is the tens digit of 32654?
5
What is the tens digit of 1995?
9
What is the units digit of 7375?
5
What is the units digit of 92492?
2
What is the hundreds digit of 2415?
4
What is the units digit of 3724?
4
What is the tens digit of 43643?
4
What is the hundreds digit of 728?
7
What is the hundreds digit of 12858?
8
What is the units digit of 34944?
4
What is the tens digit of 63?
6
What is the tens digit of 1766?
6
What is the thousands digit of 2535?
2
What is the thousands digit of 91614?
1
What is the tens digit of 624?
2
What is the tens digit of 128?
2
What is the tens digit of 2240?
4
What is the thousands digit of 2679?
2
What is the thousands digit of 7920?
7
What is the tens digit of 1197?
9
What is the tens digit of 6556?
5
What is the units digit of 95186?
6
What is the units digit of 9524?
4
What is the hundreds digit of 25707?
7
What is the thousands digit of 1352?
1
What is the tens digit of 763?
6
What is the tens digit of 15047?
4
What is the tens digit of 657?
5
What is the units digit of 174?
4
What is the hundreds digit of 1639?
6
What is the tens digit of 5583?
8
What is the tens digit of 401?
0
What is the units digit of 2747?
7
What is the ten thousands digit of 11233?
1
What is the tens digit of 28586?
8
What is the units digit of 993?
3
What is the units digit of 2325?
5
What is the units digit of 27464?
4
What is the hundreds digit of 104708?
7
What is the thousands digit of 2672?
2
What is the units digit of 3413?
3
What is the units digit of 16?
6
What is the units digit of 13721?
1
What is the hundreds digit of 7874?
8
What is the units digit of 13204?
4
What is the tens digit of 11202?
0
What is the hundreds digit of 20149?
1
What is the hundreds digit of 31205?
2
What is the tens digit of 4029?
2
What is the thousands digit of 2502?
2
What is the thousands digit of 5457?
5
What is the hundreds digit of 1680?
6
What is the units digit of 20862?
2
What is the units digit of 17085?
5
What is the tens digit of 1891?
9
What is the tens digit of 4637?
3
What is the thousands digit of 33314?
3
What is the ten thousands digit of 42656?
4
What is the ten thousands digit of 37142?
3
What is the tens digit of 1199?
9
What is the hundreds digit of 1376?
3
What is the hundred thousands digit of 113732?
1
What is the thousands digit of 30490?
0
What is the hundreds digit of 1551?
5
What is the thousands digit of 1027?
1
What is the units digit of 7372?
2
What is the thousands digit of 19347?
9
What is the hundreds digit of 505?
5
What is the tens digit of 4311?
1
What is the hundreds digit of 1516?
5
What is the hundreds digit of 143?
1
What is the thousands digit of 26871?
6
What is the tens digit of 1990?
9
What is the thousands digit of 38002?
8
What is the hundreds digit of 228?
2
What is the tens digit of 29049?
4
What is the hundreds digit of 12154?
1
What is the thousands digit of 106945?
6
What is the tens digit of 15308?
0
What is the tens digit of 2073?
7
What is the hundreds digit of 109000?
0
What is the tens digit of 40?
4
What is the units digit of 35474?
4
What is the tens digit of 3303?
0
What is the thousands digit of 1578?
1
What is the units digit of 469?
9
What is the thousands digit of 1524?
1
What is the hundreds digit of 904?
9
What is the thousands digit of 2270?
2
What is the tens digit of 8832?
3
What is the ten thousands digit of 13713?
1
What is the units digit of 2163?
3
What is the thousands digit of 4455?
4
What is the tens digit of 33?
3
What is the ten thousands digit of 112909?
1
What is the ten thousands digit of 12390?
1
What is the thousands digit of 57787?
7
What is the tens digit of 965?
6
What is the ten thousands digit of 73283?
7
What is the hundreds digit of 1991?
9
What is the tens digit of 1860?
6
What is the thousands digit of 72940?
2
What is the hundreds digit of 7405?
4
What is the tens digit of 2977?
7
What is the tens digit of 7028?
2
What is the thousands digit of 82741?
2
What is the hundreds digit of 8871?
8
What is the hundreds digit of 1284?
2
What is the thousands digit of 82747?
2
What is the hundreds digit of 15557?
5
What is the units digit of 8087?
7
What is the tens digit of 7167?
6
What is the units digit of 9827?
7
What is the units digit of 5649?
9
What is the thousands digit of 7603?
7
What is the ten thousands digit of 14829?
1
What is the units digit of 9452?
2
What is the hundreds digit of 49570?
5
What is the hundreds digit of 7854?
8
What is the hundreds digit of 7914?
9
What is the units digit of 6511?
1
What is the hundreds digit of 725?
7
What is the tens digit of 328?
2
What is the tens digit of 45271?
7
What is the units digit of 3498?
8
What is the tens digit of 397?
9
What is the units digit of 1169?
9
What is the hundreds digit of 1